{"id":2,"date":"2022-02-25T17:18:54","date_gmt":"2022-02-25T17:18:54","guid":{"rendered":"https:\/\/www.monrak.es\/?page_id=2"},"modified":"2025-01-23T16:25:52","modified_gmt":"2025-01-23T16:25:52","slug":"soc","status":"publish","type":"page","link":"https:\/\/www.monrak.es\/?page_id=2","title":{"rendered":"Centro de Operaciones de Seguridad"},"content":{"rendered":"\n<p>La importancia de mantener segura una empresa ante eventos de cualquier \u00edndole necesita un plan de continuidad de negocio, cubrir cualquier escenario de contingencia requiere pol\u00edticas de seguridad y procedimientos junto a procesos que aseguren la supervivencia del negocio.<\/p>\n\n\n\n<p>La informaci\u00f3n en el siglo XXI es la principal fuente del desarrollo econ\u00f3mico mundial, y los sistemas que mantienen los datos son el mayor foco de la delincuencia y terrorismo digital.<\/p>\n\n\n\n<p>Mantener los sistemas con procesos de detecci\u00f3n y prevenci\u00f3n de amenazas y ataques requiere un Centro de Operaciones de Seguridad que permitir\u00e1 mantener activo los planes de contingencias ante vulnerabilidades y amenazas.<\/p>\n\n\n\n<blockquote class=\"wp-block-quote is-layout-flow wp-block-quote-is-layout-flow\">\n<p>Nuestro servicio asegura que los sistemas de informaci\u00f3n contar\u00e1 con las defensas ante cualquier ataque.<\/p>\n\n\n\n<p><sub><a href=\"https:\/\/www.monrak.es\/wp-content\/uploads\/2024\/12\/MONRAK_Ad.pdf\"><em>Descarga desde aqu\u00ed nuestra presentaci\u00f3n<\/em><\/a><\/sub><\/p>\n<\/blockquote>\n\n\n\n<p class=\"has-text-align-right\"><strong><a href=\"https:\/\/www.abc.es\/tecnologia\/gobierno-creara-centro-nacional-ciberseguridad-evitar-ataques-20250114132957-nt.html\"><em>El Gobierno de Espa\u00f1a insta a las empresas a protegerse<\/em><\/a><\/strong><\/p>\n\n\n\n<p><\/p>\n\n\n\n<p><\/p>\n","protected":false},"excerpt":{"rendered":"<p>La importancia de mantener segura una empresa ante eventos de cualquier \u00edndole necesita un plan de continuidad de negocio, cubrir cualquier escenario de contingencia requiere pol\u00edticas de seguridad y procedimientos junto a procesos que aseguren la supervivencia del negocio. La informaci\u00f3n en el siglo XXI es la principal fuente del desarrollo econ\u00f3mico mundial, y los [&hellip;]<\/p>\n","protected":false},"author":1,"featured_media":0,"parent":0,"menu_order":0,"comment_status":"closed","ping_status":"closed","template":"","meta":{"footnotes":""},"class_list":["post-2","page","type-page","status-publish","hentry"],"_links":{"self":[{"href":"https:\/\/www.monrak.es\/index.php?rest_route=\/wp\/v2\/pages\/2","targetHints":{"allow":["GET"]}}],"collection":[{"href":"https:\/\/www.monrak.es\/index.php?rest_route=\/wp\/v2\/pages"}],"about":[{"href":"https:\/\/www.monrak.es\/index.php?rest_route=\/wp\/v2\/types\/page"}],"author":[{"embeddable":true,"href":"https:\/\/www.monrak.es\/index.php?rest_route=\/wp\/v2\/users\/1"}],"replies":[{"embeddable":true,"href":"https:\/\/www.monrak.es\/index.php?rest_route=%2Fwp%2Fv2%2Fcomments&post=2"}],"version-history":[{"count":14,"href":"https:\/\/www.monrak.es\/index.php?rest_route=\/wp\/v2\/pages\/2\/revisions"}],"predecessor-version":[{"id":149,"href":"https:\/\/www.monrak.es\/index.php?rest_route=\/wp\/v2\/pages\/2\/revisions\/149"}],"wp:attachment":[{"href":"https:\/\/www.monrak.es\/index.php?rest_route=%2Fwp%2Fv2%2Fmedia&parent=2"}],"curies":[{"name":"wp","href":"https:\/\/api.w.org\/{rel}","templated":true}]}}